30*w - 58466 = -27*w. Is y prime?
False
Suppose 2*c + 889 = 3*u, -2*u + 5*c + 403 + 175 = 0. Is u prime?
False
Suppose -4*l - l = 3*y - 944, -l + 2*y + 194 = 0. Suppose -5*t + 4*f = -189, -5*f - l = -6*t + t. Is t prime?
True
Let l = -1 - -4. Suppose 4*p + 2369 = -0*u + l*u, 1182 = -2*p + 4*u. Let a = 840 + p. Is a a prime number?
False
Let a(n) = 11*n**3 - 3*n**2 + 4*n + 1. Let h(s) = s**2 + 13*s - 10. Let r be h(-14). Is a(r) composite?
False
Suppose -2*y - 4*c + 19226 = 0, 12*c = -2*y + 10*c + 19226. Is y a composite number?
False
Let g = 11567 + 1530. Is g composite?
True
Let s(k) = k**2 - 12*k + 16. Let l(w) = 5*w + 1. Let r be l(2). Let y be s(r). Suppose 0 = y*f - 0*f - 2215. Is f prime?
True
Let o be 8648/3 + 26/(-39). Suppose 7*v - 9*v + o = 0. Is v prime?
False
Suppose -4*t + 24151 = 3*s, -2*s + 5639 = -2*t - 10485. Is s composite?
True
Let l(w) = -867*w + 16. Is l(-6) a prime number?
False
Suppose 18 - 198 = -6*b. Let w = 19 + b. Is w a prime number?
False
Suppose -7*f = -27593 - 67166. Is f a composite number?
False
Let g(u) = 1072*u - 151. Is g(6) composite?
True
Suppose 4*x = 2*k + 250, 7*x - 251 = 3*x + k. Suppose 5*t - 3*f = 2194, -3*t + 1758 = t - f. Let d = t + x. Is d prime?
True
Let m(w) = 167*w**3 - 16*w**2 + 40*w - 199. Is m(6) prime?
True
Let q = 3032 - 934. Is q prime?
False
Suppose -429 = -19*o + 16*o. Suppose -1200 - o = -f. Is f a prime number?
False
Suppose l = -2*l - k + 2711, 2*l - k - 1804 = 0. Suppose 4 = -j, 3*j + l = -5*t + 22756. Is t composite?
False
Suppose 11*u + 29746 = -5*h + 194380, 44887 = 3*u + 4*h. Is u prime?
True
Let a(m) = -m. Let w be a(-3). Let y be 2/(-10) + (-1812)/(-10). Suppose 4*v = 4*x + 156, 5*v + w*x = x + y. Is v a prime number?
True
Suppose o = 3*f + 9890, -4*f = 4*o - 30467 - 9141. Is o a composite number?
True
Let l = 13 + 1. Suppose -12*p - 2 = -l*p. Suppose 0 = 7*x + p - 1254. Is x prime?
True
Is (1*138026/(-70))/((-1)/5) a prime number?
True
Suppose 0 = 9*a - 6*a - 16377. Is a a composite number?
True
Let q = 7 - 5. Let x be -3*(-1 + q)*-1. Suppose 3*d + 3 = -x, -5*c + 4*d = -1873. Is c prime?
True
Suppose -73*r = -106*r + 102399. Is r composite?
True
Is (-34264)/(-14) - (-24)/(-56) a prime number?
True
Let z(q) = q**3 - 6*q**2 + q + 6. Let u be z(6). Suppose u*w - 8*w = 356. Is w prime?
True
Let n = -65 - -98. Suppose -9*r + n + 3000 = 0. Is r a composite number?
False
Let w = 6 - 6. Suppose 3*s + 6 = w, -4*m + 3*s + 27 = 5. Suppose z - 6*z = -v + 126, -m*v + 522 = -2*z. Is v a composite number?
False
Suppose 17*i = 666 + 2513. Is i prime?
False
Let o = 12082 + -7301. Is o a prime number?
False
Let p(c) = 56*c**2 + 2*c + 11. Let m be p(-6). Suppose s - 2214 = -3*b, 3*b - m = s + 205. Is b a composite number?
False
Let d(l) be the third derivative of 157*l**6/20 + l**3/6 - 17*l**2. Is d(1) a prime number?
False
Suppose 3*c - 2*n = 7553, -c - 2*n + 2992 = 477. Is c composite?
True
Suppose 4*z + 3*h + 2345 = 0, -1043 - 117 = 2*z + 4*h. Suppose -37*r - 2916 = -25*r. Let a = r - z. Is a a prime number?
True
Suppose 65*j - 6819 = 2606. Is j prime?
False
Suppose l + 5286 = 3*t, -t + 2*l + 184 + 1573 = 0. Is t composite?
True
Is -5*(13885/(-10))/(5/2) a prime number?
True
Is 2307/1*32/48 a composite number?
True
Let c = 46 - 44. Suppose -c*j + 3*j = -5*a + 566, a - 1105 = -2*j. Is j composite?
True
Let a(q) = -40*q**3 - 3*q**2 + 11*q - 9. Is a(-5) a prime number?
True
Let n(v) = -707*v + 198. Is n(-7) a composite number?
False
Let w(q) = -3*q + 12. Let v be w(4). Suppose -2*a - 2 - 4 = 0, v = 3*h - 3*a - 3216. Is h a composite number?
False
Suppose -3*o = -4*b + 61202 - 12042, 4*o = 2*b - 24590. Is b a prime number?
False
Suppose -15*q + 0*q = -130695. Is q prime?
True
Let s = -1177 - -2294. Is s composite?
False
Let n(q) = q + 4. Let d be n(-4). Suppose -5*w + 2568 = 3*w. Suppose d*p + 479 = 3*p + 4*k, 2*p + k = w. Is p prime?
False
Suppose -f - f = -5*q - 27974, 16 = 4*q. Is f composite?
False
Let r(n) = n**3 + n**2 - 3*n - 4. Suppose 5 = -3*g - 4. Let z be 5 + -2*(-3)/g. Is r(z) prime?
True
Let z = -2997 + 5468. Is z composite?
True
Suppose 0*j - j = -100. Suppose 14*n + j = 18*n. Is n a prime number?
False
Let m = -4218 + 7544. Is m composite?
True
Suppose q + q = -3*w + 14768, -19664 = -4*w + 4*q. Suppose 0 = -5*t + c + w, t - c - 1486 + 498 = 0. Is t a prime number?
True
Suppose 41*x - 32*x = 21339. Let q(s) = s - 3. Let n be q(6). Suppose 2*o - 5*r = -3*r + 1578, n*o - x = 5*r. Is o composite?
False
Let a = 2296 - 1313. Let n = a + -130. Is n a prime number?
True
Let l(o) = -6*o + 1. Let m be l(-4). Let d be ((-22)/3)/((-1)/(-9)). Let w = m - d. Is w a composite number?
True
Let c(w) = 21*w - 21. Let n be c(-6). Is (-2)/(-7) - (-7)/(n/(-10935)) a composite number?
False
Suppose 5*d - 5660 = -0*d. Let l = -545 + d. Is l composite?
False
Let d(r) = -8*r + 10. Let g = -31 - -21. Let i be d(g). Let b = i + -28. Is b composite?
True
Let q(p) = 9*p - 8 - 8 + 17 + p**2. Let l be q(-9). Is l/5*3*785 composite?
True
Let i = 3 + -9. Let g be (-2 - i) + (-2 - 0). Suppose -k = -4*a - 145, 2*k + 5*a - 664 = -g*k. Is k a composite number?
True
Let p(n) = -10*n + 4. Let j be p(-7). Let u = 151 - j. Is u prime?
False
Let m be (-119)/(-2) - (-1)/2. Suppose q = -q + 70. Let i = m - q. Is i a prime number?
False
Suppose 0*t + 3*t = -42. Is 1149/21 + t/(-49) prime?
False
Let w(u) = -u**3 + 12*u**2 - 16*u + 12. Let a be w(10). Suppose 0 = 5*t - 292 + a. Let b = t + 5. Is b prime?
True
Let t(z) = -41 - 210*z - 8 + 6. Is t(-9) a prime number?
True
Let f(u) = 3*u + 0 - 5 + 35*u. Is f(18) a composite number?
True
Suppose -n + 20 = -3*t, -n - 2*t + 13 - 3 = 0. Suppose -h = -5*b + 8, 0 = -5*h - 0*b - 2*b + n. Suppose h*l + u - 32 = 35, -2*u - 76 = -2*l. Is l prime?
False
Let q(z) = 75*z - 3. Let b be q(3). Let i = b - -1881. Is i prime?
False
Suppose -6730 = -2*b + a - 4*a, -a = 0. Is b a prime number?
False
Let j = -439 - -266. Suppose 3*s + 475 = c + 1868, 2*s - c = 927. Let b = j + s. Is b a prime number?
True
Suppose -10064 = 7*u + 898. Let q = 3107 + u. Is q prime?
False
Let y(i) = 14*i**2 + 3*i + 146. Is y(-15) a composite number?
False
Let d = -83 - -90. Is (1 + -2)/((1 - d)/1338) prime?
True
Let j = -2062 + 5693. Is j composite?
False
Let m(u) = u**2 + 10*u - 1. Let a(q) = -q**2 - 11*q - 8. Let j be a(-11). Let l be m(j). Is 456/5 + l/85 a prime number?
False
Suppose -5*r = 3*h - 99, 2*r = r - 3. Let o = 47 - h. Suppose 0 = 4*t - o*t + 995. Is t prime?
True
Let y be 1/(-4) - 44968/(-32). Suppose 5*z + 5*c = -1285, 0 = -2*c - 0*c - 6. Let q = z + y. Is q composite?
False
Let w be 4 - (3 + 2 + -3). Suppose 0 = 5*k - b + 2705, 0 = w*k + k + 3*b + 1641. Let q = k + 805. Is q composite?
False
Let g(s) = s**3 + 39*s**2 - 16*s - 17. Is g(-29) a composite number?
True
Is (-1)/(-2)*75990/15 a prime number?
False
Let k(p) = p**3 - 13*p**2 + 6*p + 19. Let f(o) = o**2 + 4 - 3*o**2 - 3 - 14*o**3. Let l be f(-1). Is k(l) a prime number?
True
Suppose -4*z - 44832 = -4*j, 5*j + 13*z - 56090 = 8*z. Is j a composite number?
False
Let f(j) = -18 + 0*j**3 + 12*j**2 - j**3 - 5. Is f(10) a prime number?
False
Let y(p) = -3*p**3 + 12*p**2 + 4*p + 1. Is y(-3) prime?
False
Suppose -13 = -4*y + q + 3, 3*q + 12 = 0. Is (23 + -20)*-1*(-634)/y a prime number?
False
Suppose 8208 = 4*p - 11204. Is p prime?
False
Let f = -9 - 1. Let l(w) = 9*w**2 - 5*w + 4. Let g be l(f). Suppose 0 = 2*u - 4*n - n - g, -4*u = 3*n - 1960. Is u composite?
False
Let v be (-43984)/(-52) + (-2)/(-13). Suppose -4*n + v = 2*n. Is n composite?
True
Let k be ((-20)/(-50))/(2/20). Let d = 3 - k. Is d - (-12 + -1 + 1) a prime number?
True
Let m(d) = -23*d + 3. Let o be m(-2). Let l be 14/o + (-38)/(-14). Is (-3680)/(-12) + 1/l composite?
False
Let j = 86 + 1313. Is j a composite number?
False
Let d = -2971 + 4262. Is d a composite number?
False
Let q(u) = 111*u**2 + 2*u + 5. Let h be q(-3). Is ((-6)/(-4) + -1)*h prime?
True
Let q(r) = 0*r + 6 + 46*r**2 + 228*r**2 - 4 + 5*r. Is q(3) a composite number?
True
Let k = -13 - -18. Suppose -2*t = -10, -k*a + 229 = 3*t - 16. Suppose -2*f - a = -s + 3*f, -3*f = s - 54. Is s composite?
True
Let i = -8227 + 14132. Is i prime?
False
Let q = 17 - 12. Suppose 5*a + 1 = -14, q*a = 5*t - 40. Suppose t*i - 275 = 110. Is